*h + 2*n, 3*h = -5*n - 23. Let z = y + h. What is the units digit of z?
3
Let w(p) = 6*p - 21. Let j be w(-10). Let t = 13 - j. What is the units digit of t?
4
Let o = -882 + 3073. What is the units digit of o?
1
Suppose 5*n - 1445 = -2*y - 3*y, -n + 280 = 4*y. Suppose 5*j - n - 78 = 0. What is the units digit of j?
4
Suppose -138075 = -21*f - 14*f. What is the units digit of f?
5
Let z = 221 + 107. What is the hundreds digit of z?
3
Let g(f) = -f**3 - 7*f**2 - 7*f - 5. Let q be g(-6). Let c be (-2 + 2)*(0 + q). Suppose -t - 5 = 0, c*r + 5*t + 170 = 5*r. What is the tens digit of r?
2
Let h(y) = 138*y**2 - 3*y + 33. What is the units digit of h(-5)?
8
Suppose 0 = 5*d - x + 3058 - 10345, 3*x = -6. What is the units digit of d?
7
Suppose 2*r - 6597 + 299 = -3*l, -4*r + 10494 = 5*l. What is the hundreds digit of l?
1
Suppose 2*w - 296 = 1132. What is the units digit of w?
4
Let p(m) = 8*m + 538. What is the tens digit of p(19)?
9
Let u(k) = -k + 4. Let m be u(0). Suppose 0 = 3*g + 2*j - 133, 4*j - 103 = -m*g + 69. What is the units digit of g?
7
Suppose -3*s + 3*h + 18 = 0, 0*s - 3*s + 2 = h. What is the tens digit of (s + 0)/((-5)/(-225))?
9
Let w = -259 + 261. Let g(v) = -12*v + 6. Let m be g(4). What is the units digit of (3/w)/((-7)/m)?
9
Suppose -14*p + 9*p = -965. What is the hundreds digit of p?
1
Let w(x) = -8*x - 22. Let u = 38 - 44. What is the units digit of w(u)?
6
Suppose 0 = 4*o + 4, 5*r - 3*o + 4*o - 4689 = 0. What is the hundreds digit of r?
9
Let n(y) = -y**2 - 44 + 562*y + 2*y**2 - 572*y. What is the units digit of n(-6)?
2
Suppose -l = -2*w - 5*l + 28, -2*l = -10. Suppose 7 - 3 = 2*h, 708 = 4*r + w*h. What is the hundreds digit of r?
1
Suppose 2*s + 30 = -3*s. Let i = 12 + s. Let o = 8 - i. What is the units digit of o?
2
Suppose 0 = 3*m - 222 - 141. Suppose 0 = 6*v - 35 - m. What is the units digit of v?
6
Let b be ((-16)/(-5))/(14/105). Let c = -11 + b. Suppose 2*w - 77 = c. What is the tens digit of w?
4
Let v be -4*(-4)/16*35. Let a = -29 + v. Let p(k) = 2*k**2 - 7*k + 6. What is the tens digit of p(a)?
3
What is the tens digit of ((-771)/12)/(8/(-160))?
8
Let k(h) = -h**3 + 3*h**2 + 2*h + 6. What is the tens digit of k(-5)?
9
Let n(s) be the first derivative of s**2/2 + 13*s - 7. Let f be n(-8). Suppose -3*o - 2*o = -f. What is the units digit of o?
1
Let p(m) = -m**3 - 2*m**2 + 3*m + 38. What is the units digit of p(-9)?
8
Suppose -7*v - 5*o + 5686 = -5*v, 6*v - 5*o = 16978. What is the units digit of v?
3
Suppose -4*d + 280 = 3*r - 2*r, 2*r = 4*d + 548. Suppose -q = 5*q - r. What is the tens digit of q?
4
Let g(q) = -2 - q + 3*q + 0 + 6. What is the tens digit of g(21)?
4
Let t(m) = 65*m + 35. What is the hundreds digit of t(11)?
7
Let b be (37 + -4 - -1)/1. Let m = 35 - b. What is the units digit of m?
1
Suppose 14*i - 10*i = -504. Let w = i + 220. What is the tens digit of w?
9
Let o(k) be the third derivative of k**5/60 - k**4/8 + k**3/6 - 2*k**2. Let m = -39 + 45. What is the units digit of o(m)?
9
Let h be 7*1/((-1)/(-1)). Let q(j) = j + 3. Let p be q(h). What is the units digit of (p/3)/(4/6)?
5
Suppose 0*o = o + k - 8, -2*o = -2*k - 8. Let i = o + 12. What is the tens digit of i?
1
Let a = 160 - -1176. What is the units digit of a?
6
Suppose -a + 6 = -3*a. What is the tens digit of 1/a - 559/(-39)?
1
What is the hundreds digit of (116/20 - 5)*1395?
1
Suppose f = -z + 1, 0 = z - 0*f - f + 1. Suppose 16*t - 13*t - 609 = z. What is the hundreds digit of t?
2
Let h = -31 - -53. What is the tens digit of h/(-11) + 4*3?
1
Let z be (-18)/(-54) + 46/6. Let r(k) = -k**3 + 9*k**2 + 3*k - 14. What is the tens digit of r(z)?
7
What is the hundreds digit of (-1*(2 - 0))/1 - -277?
2
Suppose -17*w - 6*w = -12765. What is the hundreds digit of w?
5
Let p = 1942 - 1044. What is the hundreds digit of p?
8
Let a = -21 + 24. Suppose -3*l + 378 = a*l. What is the tens digit of l?
6
Let j(y) = 5*y - 3. Let c(a) = 2*a - 3. Let b be c(2). Let v be j(b). Suppose -t + 77 = -5*n + 22, 0 = -v*t + 2*n + 86. What is the tens digit of t?
4
Let b(x) = 70*x + 3. Let u be b(6). What is the tens digit of -1 + 0 + u/9?
4
Let n(r) = r**2 + 2*r + 7. Let k be n(-3). Suppose -u - 2*p + 140 = u, -5*p = -k. What is the units digit of u?
8
Let d be (-76)/(-16) - 3/(-12). Let r be (-4)/14 - 177/(-7). Let k = d + r. What is the units digit of k?
0
Let j = 121 + -32. Let p = j - -6. What is the tens digit of p?
9
Let b be (-3)/2*32/24*29. Let v = b - -123. What is the units digit of v?
5
Let p(x) = 149*x - 363. What is the tens digit of p(34)?
0
Let r = 9550 - 4679. What is the tens digit of r?
7
What is the hundreds digit of (5 + (-3350)/4)*(-144)/60?
9
Suppose 3*n - 3*m - 909 = 0, 11*n - 4*m = 6*n + 1514. What is the units digit of n?
2
Let m be ((-12)/(-6))/(-2*2/(-6)). Suppose -106 = -m*j + 215. What is the hundreds digit of j?
1
Let m(q) = 8*q**2 + 25*q - 23. What is the hundreds digit of m(-20)?
6
Let n(i) be the second derivative of i**4/4 + 5*i**3/6 + 3*i**2 + 16*i. What is the units digit of n(-5)?
6
Let n(t) = 13*t**2 + t. Let v be n(1). Suppose 0*l + 2*l = -v. What is the units digit of 2*1 + (-7)/l?
3
Let u(k) = 21*k - 1. Let c be u(1). Suppose -8*i + 3*i + c = 0. Suppose 0 = -2*q - i*s + 126, 3*q - 142 = q + 4*s. What is the units digit of q?
7
Suppose t = -4*q + 4*t + 168, -5*t + 84 = 2*q. Suppose -5*b + q = 3*p, 0*b = 3*b - 4*p - 31. Let z = 19 - b. What is the tens digit of z?
1
Suppose 4*d + 4*p - 2*p = 1978, -467 = -d + 5*p. Suppose 2*s = 4*s - d. What is the tens digit of s?
4
Let m be (-87 + 82)/((-2)/(-2) - 2). Suppose -2*j + 5*w = -20, -5*w = 29 - 9. Suppose 105 = m*r - j*r. What is the units digit of r?
1
Suppose -2*f + 5473 = a, 3*f + 14*a = 10*a + 8217. What is the units digit of f?
5
Let h(k) = -35*k**2 + k - 4. Let p(n) = 1. Let d(b) = -h(b) - 5*p(b). Let q be d(-1). Let w = q + -25. What is the tens digit of w?
1
Let n(k) = 220*k - 11. What is the tens digit of n(6)?
0
Suppose 425 = s - 613. What is the units digit of s?
8
Let k(y) = 18*y**2 - 104*y - 10. What is the units digit of k(10)?
0
Let v(q) = 12*q**3 - 2*q**2 + q + 2. Suppose -3*p + 17 = -4*u + 2*p, -3*u - p = -11. What is the tens digit of v(u)?
9
Suppose -3*o = n - 1923, -3*o + 7719 = -0*n + 4*n. What is the tens digit of n/54 + 2/9?
3
Let i be (-4)/(-14) + (-178)/(-14). Let c(g) = 7*g - 5. What is the units digit of c(i)?
6
Let a(o) = 2*o**3 + 29*o**2 + 6*o - 15. What is the tens digit of a(-14)?
9
What is the hundreds digit of 1*1409 + (-25)/20*-4?
4
Let q(o) = o**3 - o**2 + o + 1. Let f(v) = 3*v**3 + 9*v**2 + v - 2. Let b(x) = f(x) - 2*q(x). What is the hundreds digit of b(-5)?
1
Let v be (-4 + 0)*((-65)/20 + -8). What is the units digit of (6 + v/(-6))*(-122)/3?
1
Let g = -940 + 1043. What is the tens digit of g?
0
Suppose 5*g = -3*k - 2*k + 3715, 0 = k + 3*g - 751. What is the units digit of k?
9
What is the hundreds digit of (((-77)/(-28))/11)/(1/908)?
2
Suppose 3*u = 2321 + 724. What is the units digit of u?
5
Let m be 2361/15 - (-2)/(-5). Let h = -31 + m. What is the hundreds digit of h?
1
Let c(h) = -3*h**3 + 5*h**2 - 7*h - 5. Let f(k) = 4*k**3 - 6*k**2 + 8*k + 4. Let g(a) = -5*c(a) - 4*f(a). What is the units digit of g(-5)?
4
Suppose 5*y - 3*k - 12 = 0, -5*k - 1 = -6. Suppose 4*z + 435 = y*j, 5*j + 165 - 895 = 5*z. What is the hundreds digit of j?
1
Let s be 69/2 + 4/(-8). Let r = s - 6. Let q = r - 8. What is the tens digit of q?
2
Suppose 2129 = 5*m - 1161. What is the hundreds digit of m?
6
Suppose -3*p = p - 1228. What is the hundreds digit of p?
3
Let s(g) = -35*g - 3. Let m be s(-6). Suppose -4*l - 320 = -4*w, -32 - m = -3*w + 4*l. What is the tens digit of w?
8
Let z(r) = -4 + 6*r**2 + r - 3*r**2 + 1. What is the units digit of z(-4)?
1
Let h = -76 + 166. Suppose -3*f = -0*f + h. What is the tens digit of (-84)/f*(-30)/(-2)?
4
Let s = 886 - 431. What is the tens digit of s?
5
Let w(z) = -z. Suppose 4*f + 18 = -2*f. Let a be w(f). Suppose 0 = -5*g - 4*h + 6*h + 49, 0 = g - a*h - 15. What is the units digit of g?
9
Let d = 1392 - 646. What is the units digit of d?
6
Let b = 19 - -20. Suppose -b - 225 = -8*j. What is the tens digit of j?
3
Let w = 12 - 17. Let l(o) = o**2 + 1. Let c be l(w). Let x = c - 13. What is the tens digit of x?
1
Suppose 0 = 3